{"id":1661,"date":"2025-07-07T14:10:13","date_gmt":"2025-07-07T14:10:13","guid":{"rendered":"https:\/\/kitnormattivowebs.com\/apiculturagonzalo\/?page_id=1661"},"modified":"2025-07-07T14:12:30","modified_gmt":"2025-07-07T14:12:30","slug":"accesibilidad","status":"publish","type":"page","link":"https:\/\/kitnormattivowebs.com\/apiculturagonzalo\/accesibilidad\/","title":{"rendered":"Accesibilidad"},"content":{"rendered":"\t\t<div data-elementor-type=\"wp-page\" data-elementor-id=\"1661\" class=\"elementor elementor-1661\">\n\t\t\t\t<div class=\"elementor-element elementor-element-7303a46 e-flex e-con-boxed wpr-particle-no wpr-jarallax-no wpr-parallax-no wpr-sticky-section-no wpr-equal-height-no e-con e-parent\" data-id=\"7303a46\" data-element_type=\"container\" data-e-type=\"container\">\n\t\t\t\t\t<div class=\"e-con-inner\">\n\t\t\t\t<div class=\"elementor-element elementor-element-8d432b9 elementor-widget elementor-widget-heading\" data-id=\"8d432b9\" data-element_type=\"widget\" data-e-type=\"widget\" data-widget_type=\"heading.default\">\n\t\t\t\t<div class=\"elementor-widget-container\">\n\t\t\t\t\t<h2 class=\"elementor-heading-title elementor-size-default\">ACCESIBILIDAD<\/h2>\t\t\t\t<\/div>\n\t\t\t\t<\/div>\n\t\t\t\t<div class=\"elementor-element elementor-element-890699e elementor-widget elementor-widget-text-editor\" data-id=\"890699e\" data-element_type=\"widget\" data-e-type=\"widget\" data-widget_type=\"text-editor.default\">\n\t\t\t\t<div class=\"elementor-widget-container\">\n\t\t\t\t\t\t\t\t\t<p><span style=\"font-weight: 400;\">\u00a0\u00a0Esta p\u00e1gina est\u00e1 habilitada para que personas con discapacidad visual puedan navegar con mayor facilidad.\u00a0<\/span><\/p><p><span style=\"font-weight: 400;\">\u00a0\u00a0\u00a0Utilice los enlaces indicados con los textos (men\u00fa de la web) para navegar por las distintas secciones de la web. Puede navegar por la web utilizando el cursor o el teclado. Para facilitar la navegaci\u00f3n de este sitio es posible usar solo teclado si no dispone de un rat\u00f3n o su uso le es problem\u00e1tico. En la mayor\u00eda de navegadores puede usar el tabulador para moverse entre los diferentes enlaces y\/o campos de un formulario.<\/span><\/p>\t\t\t\t\t\t\t\t<\/div>\n\t\t\t\t<\/div>\n\t\t\t\t\t<\/div>\n\t\t\t\t<\/div>\n\t\t\t\t<\/div>\n\t\t","protected":false},"excerpt":{"rendered":"<p>ACCESIBILIDAD \u00a0\u00a0Esta p\u00e1gina est\u00e1 habilitada para que personas con discapacidad visual puedan navegar con mayor facilidad.\u00a0 \u00a0\u00a0\u00a0Utilice los enlaces indicados con los textos (men\u00fa de la web) para navegar por las distintas secciones de la web. Puede navegar por la web utilizando el cursor o el teclado. Para facilitar la navegaci\u00f3n de este sitio es posible usar solo teclado si no dispone de un rat\u00f3n o su uso le es problem\u00e1tico. En la mayor\u00eda de navegadores puede usar el tabulador para moverse entre los diferentes enlaces y\/o campos de un formulario.<\/p>\n","protected":false},"author":1,"featured_media":0,"parent":0,"menu_order":0,"comment_status":"closed","ping_status":"closed","template":"elementor_header_footer","meta":{"footnotes":""},"class_list":["post-1661","page","type-page","status-publish","hentry","entry"],"_links":{"self":[{"href":"https:\/\/kitnormattivowebs.com\/apiculturagonzalo\/wp-json\/wp\/v2\/pages\/1661","targetHints":{"allow":["GET"]}}],"collection":[{"href":"https:\/\/kitnormattivowebs.com\/apiculturagonzalo\/wp-json\/wp\/v2\/pages"}],"about":[{"href":"https:\/\/kitnormattivowebs.com\/apiculturagonzalo\/wp-json\/wp\/v2\/types\/page"}],"author":[{"embeddable":true,"href":"https:\/\/kitnormattivowebs.com\/apiculturagonzalo\/wp-json\/wp\/v2\/users\/1"}],"replies":[{"embeddable":true,"href":"https:\/\/kitnormattivowebs.com\/apiculturagonzalo\/wp-json\/wp\/v2\/comments?post=1661"}],"version-history":[{"count":7,"href":"https:\/\/kitnormattivowebs.com\/apiculturagonzalo\/wp-json\/wp\/v2\/pages\/1661\/revisions"}],"predecessor-version":[{"id":1668,"href":"https:\/\/kitnormattivowebs.com\/apiculturagonzalo\/wp-json\/wp\/v2\/pages\/1661\/revisions\/1668"}],"wp:attachment":[{"href":"https:\/\/kitnormattivowebs.com\/apiculturagonzalo\/wp-json\/wp\/v2\/media?parent=1661"}],"curies":[{"name":"wp","href":"https:\/\/api.w.org\/{rel}","templated":true}]}}